factor of o and w.
3
Suppose 5*z - 108 + 3 = 0. Let x = 418 - 397. Calculate the greatest common factor of z and x.
21
Suppose 3*q - 128 = 16. Suppose 0*u - 182 = -4*s + 2*u, s + 2*u - q = 0. Calculate the highest common divisor of 115 and s.
23
Let t = 10 - 10. Suppose 3*k - 2*k - 18 = t. What is the highest common factor of k and 9?
9
Suppose 3*h - 7*h = 4, -18 = -2*a - 4*h. Suppose -a*i = -9*i - 90. What is the highest common divisor of i and 315?
45
Let m(t) = 3*t**3 - 6*t**2 + t - 4. Let b be m(4). Let v(x) = -9*x - 39. Let l be v(-7). Calculate the highest common divisor of b and l.
24
Let d(y) = 6*y**2 - 13*y - 30. Let a be d(-3). Calculate the highest common factor of 35 and a.
7
Suppose 2*b = -2, -3*b = 3*c - b - 13. Let l(s) = s + 10*s**2 - c*s - s**3 - 5*s + 8. Let m be l(9). What is the highest common divisor of 8 and m?
8
Suppose -2*z + 35 + 15 = 0. Suppose 0 = -2*p - 2*u + 34, -z = -2*p + 5*u - 12. Calculate the greatest common factor of 140 and p.
14
Let m be (-4)/(-10)*35/1. Calculate the highest common divisor of 21 and m.
7
Let v(x) = 7*x**2 - 3*x + 1. Let d be (-205)/(-65) + (-6)/39. Let f be v(d). Suppose 19 - f = -4*m. What is the greatest common divisor of 81 and m?
9
Suppose 3*h = 7 - 16, w - 3*h - 1724 = 0. What is the highest common factor of 35 and w?
35
Suppose 3*i + 9 - 30 = 0. Let t = 23 - i. Let p = -122 + 250. What is the highest common divisor of t and p?
16
Let u = 935 - 522. Calculate the greatest common factor of u and 59.
59
Suppose -z = -6*z - 5*u + 170, -5*u - 103 = -2*z. Let j = z + -14. Let y = j + -10. What is the greatest common divisor of 105 and y?
15
Let d be (-1)/(-3) - 1 - 1316/6. Let q be ((-4)/10)/(0 - (-4)/d). What is the highest common divisor of q and 2?
2
Let s(o) = o - o + 4*o - 6. Let j be s(8). Let g be ((-2)/(-4))/(5/390). What is the highest common divisor of j and g?
13
Suppose 2 = 2*y - 5*w - 2, -4*y = -5*w - 8. Calculate the highest common divisor of 18 and y.
2
Let n(b) = 25*b - 32. Let z be n(7). What is the greatest common factor of z and 66?
11
Suppose 0 = 3*b + 3*p - 2124, -3*b + 0*p - 5*p + 2132 = 0. Calculate the greatest common divisor of b and 64.
64
Let z be 6/(-2)*9/(-1). Let w be (-160)/(-3) - 3/(-27)*-3. Let g = w - 35. Calculate the greatest common factor of z and g.
9
Let l(u) = 5*u**2 + 3*u**2 - 7*u**2 - 8*u - 15. Let o be l(10). What is the highest common factor of o and 5?
5
Let s = -201 - -237. What is the greatest common factor of s and 90?
18
Let a = 23 - 11. Let h = -27 + a. Let z = h - -28. What is the highest common factor of z and 13?
13
Suppose -3*q + 66 = -42. Suppose -6*c = -2*c - q. Let m = 0 + c. Calculate the greatest common divisor of 3 and m.
3
Let x = -15 - -25. Suppose -5*r + 433 = -17. Let u be 6/r*753 - (-1)/(-5). Calculate the highest common factor of x and u.
10
Let p = -196 + 199. What is the highest common factor of 57 and p?
3
Let k be (-2 - (-18)/8) + (-3915)/(-180). Let y = 89 + 22. Suppose 4*v = 21 + y. What is the highest common divisor of v and k?
11
Suppose -13*h + h = -264. Let i(a) = -2*a + 51. Let u be i(h). Let z(s) = -s**3 + 6*s**2 - 3*s + 4. Let m be z(5). What is the highest common factor of u and m?
7
Let f(a) = -2*a**2 + a + 4. Let h be f(0). Suppose h*g + g - 35 = 0. Calculate the highest common divisor of 56 and g.
7
Let w be (417 - -3) + -2 + -2 + 0. Calculate the greatest common factor of 32 and w.
32
Let n(u) = u**2 - 14*u - 109. Let q be n(20). What is the highest common factor of q and 1?
1
Suppose 2*a - f - 247 = 129, -5*a + 918 = 3*f. Calculate the highest common factor of a and 868.
62
Let v = -1 + 4. Let g = -2 + v. Suppose -35 = -2*z + g. What is the greatest common divisor of 18 and z?
18
Let n = -202 + 797. What is the highest common divisor of n and 35?
35
Let s = -202 + 688. Calculate the highest common divisor of s and 54.
54
Suppose 5*s = 29 + 1. Let n(d) = -5*d + 0*d**3 + 2 + 3*d - 2*d - 5*d**2 + d**3. Let y be n(s). Calculate the greatest common divisor of y and 2.
2
Suppose -13 = -y - 3*r, 0*r - 6 = 2*r. Suppose -2*m = -332 + y. Let i = -83 + m. What is the greatest common factor of 18 and i?
18
Let p = -11 + 29. Suppose 114 = -y - 26. Let v = y + 266. What is the highest common factor of p and v?
18
Suppose 0 = 4247*p - 4250*p + 2106. What is the greatest common factor of 216 and p?
54
Let r be 138 + -9 + 13 + 9/(-1). What is the highest common divisor of 14 and r?
7
Let v be 5 + 0 - (11 + -10). Suppose -5*w - 17 = -2*j + v, 0 = -4*j + 4*w + 36. What is the highest common factor of j and 8?
8
Let i = -14 + 75. Let x = -17 + i. Suppose -x + 24 = -t. Calculate the highest common divisor of 8 and t.
4
Let u = -108 - -268. Suppose 8*s - 16*s + u = 0. Calculate the highest common divisor of s and 20.
20
Suppose 30 - 230 = 5*n. Let z = 54 - n. Suppose -z = 5*j - 469. Calculate the greatest common factor of 30 and j.
15
Suppose 66*z - 24565 - 38993 = 0. What is the greatest common factor of z and 3?
3
Suppose 110 = 5*b - c, -b = b - c - 41. Suppose -14*k + 17*k = r + 619, 3*k - 5*r - 611 = 0. What is the greatest common divisor of k and b?
23
Suppose 728*b + 40 = 730*b. What is the greatest common divisor of 570 and b?
10
Let l(j) = -122*j - 1080. Let c be l(-9). Let k = -6 - -18. What is the highest common divisor of c and k?
6
Suppose 2*u + w = 0, 5*u - 2*w = 2*u - 14. Let p be 1/2 + (-127)/u. Let k = -8 - -16. What is the highest common divisor of k and p?
8
Let w = -533 - -563. Calculate the greatest common factor of 6 and w.
6
Let b = 9 + -11. Let l be 13/((-39)/(-90)) - b. Suppose 2*h - l - 56 = 0. Calculate the greatest common divisor of h and 4.
4
Suppose 2*n = -2*n + 96. Let a be 11*3/(-9)*3. Let s = -5 - a. What is the highest common factor of s and n?
6
Suppose 2*z + 64 = -0*z. Let y be (0 - (-3)/3)/((-8)/(-448)). Let d = z + y. Calculate the highest common factor of 96 and d.
24
Let x be (-27)/(-15) - (-2)/10. Let s be 2*x/6*18. Suppose 0*m - s = -m. Calculate the highest common divisor of m and 84.
12
Let c be 209/57 - (-4)/3. Suppose -4*v = 2*b - 116, 2*b - 7*b = -c*v - 365. What is the greatest common divisor of 17 and b?
17
Let j = 356 - -6. Suppose -10*t = -518 - j. What is the greatest common factor of t and 132?
44
Let v be 40/18*171/38. Let d(j) be the second derivative of -5*j**3/2 - j. Let t be d(-2). Calculate the greatest common factor of v and t.
10
Let g be -1 + 0 + 3*1. Let v(q) = 20. Let m(c) = -c - 81. Let j(l) = -2*m(l) - 9*v(l). Let k be j(14). What is the highest common factor of k and g?
2
Suppose 265 - 210 = 5*p. Calculate the highest common divisor of 77 and p.
11
Let n = 67 - 34. Suppose -5*y = -5*s + 10, -2*s = -7*s - 2*y + 24. Suppose -3*o + s*o = 11. What is the greatest common factor of n and o?
11
Let v = -163 + 254. Let x = 1 + 1. Let h be 25/x - 2/(-4). What is the highest common factor of h and v?
13
Suppose 2*l = -4*x + 194, -8*l - 331 = -11*l + 4*x. Calculate the highest common factor of l and 140.
35
Let c = -4 - 0. Let k = c - -22. What is the greatest common divisor of k and 144?
18
Let k be 9*(12 - (-3)/1). What is the greatest common factor of 15 and k?
15
Let y = 40 - -11. Let h = y + 26. Let x be h/7 - (-1 - -2). Calculate the highest common divisor of x and 2.
2
Let f(m) = 2*m - 23. Let a be f(13). Suppose -2*j = -a*j - u + 12, 8 = -2*u. Let q be -4*4*(-2)/2. Calculate the highest common divisor of j and q.
16
Let g = 860 - 704. What is the greatest common divisor of 546 and g?
78
Let f(b) = b**2 - 6*b - 2 + b - 1. Let w be f(9). Let t = w - 19. Calculate the greatest common divisor of t and 7.
7
Suppose q = 3*q + 80. Let b = q - -100. Let m = 20 - 8. What is the greatest common factor of b and m?
12
Let z be (2 + 0)/(3/36). Suppose 4*r - 7*r = -180. What is the greatest common divisor of r and z?
12
Let j = 45 + -21. Let m be (6/18)/((-1)/3)*-264. What is the highest common divisor of j and m?
24
Suppose -7*u + 24 = -4*u. Suppose -3*g - 56 = -4*g. Calculate the greatest common divisor of u and g.
8
Let f = -479 + 649. Calculate the greatest common divisor of f and 10.
10
Suppose -55*m + 396 = -11*m. What is the highest common divisor of m and 1143?
9
Let z(h) = -h**2 - 7*h - 4. Let f be z(-6). Suppose 5*q + 5*a - 95 = 0, -f*q + 3*a + 11 = -q. Calculate t